 - -2)?
-6
21 - (12 - -12) - (-23 + 0)
20
What is the value of 2 + 34 - (-26 + -19 + 36 + 8)?
37
What is -2 + 7 - (-307 - -290)?
22
What is -15 - (-39 - 0 - -25)?
-1
What is 16 + (-5 - (2 + 0)) + -7 - 13?
-11
Evaluate 2 + -21 - 3 - (-2 - (21 + -35)).
-34
Evaluate (2 - -7) + (-1 + 0 - -4 - -2).
14
Calculate -10 + (4 - -3 - (19 - 10)).
-12
Calculate (16 - (9 + -7)) + 7 + -15.
6
Calculate (-1 + (-5 - -1) - (28 - 31)) + 2.
0
Calculate 4 - (8 + -4) - (20 + -49 + 12).
17
What is (-23 - -16) + 35 + -8?
20
Evaluate -1 - -3 - (-6 - (13 - 3)).
18
What is the value of (-19 - -51) + -26 + -4?
2
What is -34 - -11 - -57 - 35?
-1
What is the value of 6 + 23 + -11 - 9?
9
What is -7 + -1 + 6 + 58 + -67?
-11
Calculate -12 + (-6 - (14 + -2) - -38).
8
What is the value of ((-2 - 2) + -12 + 11 - -11) + -8?
-2
Calculate 7 - -1 - ((-4 - -26 - 17) + 17).
-14
What is the value of 3 + (11 - (-10 - -19)) + 0?
5
What is (-1 + 24 + -32 - 10) + (-1 - 2)?
-22
Calculate 27 + (11 - 16 - 12).
10
Calculate -16 + 3 - -1 - -19.
7
What is -5 - 4 - (1 - (-7 + -2 + 2))?
-17
What is (-90 - -99) + 4 + -1?
12
(-10 - -27) + -4 + -6
7
Calculate (-20 - (15 - 24)) + 15 + 7.
11
0 - -13 - ((-1 - -2) + -15 + 20)
7
-114 - -95 - (-1 - 23)
5
What is 0 + -9 - (-21 - -7 - -21)?
-16
What is -1 - -6 - ((7 - -11) + -11) - -8?
6
(53 - 57) + 2 + -5 - 4
-11
-8 + 0 + (2 - -1) - (-54 + 38)
11
-17 - (-26 - -5 - -11) - -3
-4
Calculate -18 - -6 - 20 - -15 - 4.
-21
Calculate (4 - -2) + -18 + 15.
3
What is the value of -42 + 15 + 2 + -2?
-27
Evaluate 1 + (-40 - -52 - (8 - (-2 - 1))).
2
What is the value of 24 + -24 + (-16 - -16)?
0
What is the value of -36 - -25 - (3 + -7) - -14?
7
68 + -4 + (-97 - -69)
36
(0 - -8) + 2 - (-10 + 20 + -2)
2
Evaluate -4 + (-1 - 1 - (-14 + 13 + -3)).
-2
Calculate -3 + 0 - (5 - 8) - (-21 - -5).
16
22 + (-19 - 12) + 10
1
What is -23 - -38 - (-6 - -28)?
-7
What is the value of 27 + -23 - 0 - 30?
-26
What is the value of 7 + 0 + (22 - 21) + 0?
8
What is (-57 - -52 - (-3 - 1)) + 15?
14
Evaluate 8 + (-2 + 8 - (1 - 6 - -15)).
4
What is the value of 8 - 1 - (-114 + 121) - (0 - 3)?
3
What is 10 + -2 + -3 + 3 + (-6 - -5)?
7
-22 - -18 - (1 - 1 - -3 - -1)
-8
Evaluate -1 - 8 - -37 - 25.
3
Evaluate 0 - (-8 - -10) - (7 - 9).
0
Evaluate 5 - 4 - (-3 + -1) - -1 - -3.
9
2 + 2 + 42 + -53 - -5
-2
What is -13 + (7 - 13) + 7?
-12
What is 5 - ((-4 - (8 + -1)) + 2)?
14
Evaluate 8 + -40 - (94 - 152).
26
-3 - ((19 - 10) + -9 - -29) - -3
-29
What is 0 - 7 - (26 - (15 - -10)) - 6?
-14
What is the value of (6 - 1) + (-14 - -9) - 3 - -2?
-1
What is the value of -3 - (-7 - (-5 - -3))?
2
What is -319 + 306 + (44 - 0) - 16?
15
What is the value of -36 - ((-20 - 23) + 19)?
-12
Calculate -2 + (10 + 1 - (-26 + 18)) - 1.
16
What is 28 + (26 - (-21 - -50))?
25
Calculate 3 + (-20 - 6 - 0).
-23
23 - ((0 - -12) + 8)
3
Calculate (13 - 44 - -37) + -1.
5
What is the value of (7 - 4) + (-12 - -4)?
-5
What is (191 - 186) + 2 + (2 - 19) + -8?
-18
Calculate (5 + 1 - (-51 - -49)) + (10 - 2).
16
Calculate 26 - 0 - (127 + -109).
8
-16 + 0 + 22 - 8
-2
Evaluate -202 + 180 + (18 - 1).
-5
-29 + (-24 - -37) + -6
-22
57 - 68 - (-2 - 3 - 9)
3
What is -4 + (22 - 16) + -20 + -1 + 1?
-18
What is the value of -4 - (-3 + (14 - 7 - 11) + -6)?
9
20 + -1 + -3 + (2 + 6 - 12)
12
What is the value of 14 + -25 + 11 + 8?
8
Evaluate (-1 - (28 + -10)) + 19 - -5.
5
Evaluate 44 - (15 + -18 + 10).
37
Evaluate (-9 - -23 - 2) + -9.
3
Calculate -2 + -7 + 5 - (7 - 21).
10
What is the value of -50 - -56 - (10 - 0) - -9?
5
What is -17 + -4 + 36 - 32?
-17
What is the value of 25 - (1 + 8 - (-7 - (46 - 53)))?
16
What is the value of -304 + 298 - ((14 - 2) + -3 + 1)?
-16
17 + (-16 + -27 + 42 - (-1 - -7))
10
What is -5 + (9 - 4 - 6) + 2 + 1?
-3
2 - (0 - -7) - 2
-7
Calculate -1 + 2 - (164 + -158).
-5
What is the value of 6 + ((-5 - 5) + -3 + 4 - 5)?
-8
What is the value of (0 - -16 - 10) + (3 - (-3 + 5))?
7
-2 + -5 + 12 - (11 + -14)
8
What is the value of 3 + 30 + -32 + 5 + 1 + -4?
3
Evaluate -2 + 14 + -7 + -5.
0
-27 - -32 - (-5 + -4 - -1)
13
-1 - (0 + -11 - -9 - (5 + -2))
4
1 - (-5 + -2 + -4 + 7 + 1)
4
Evaluate -13 - -8 - (-1 - (-3 + 5 - 0)).
-2
-2 + 2 - ((61 - 59) + -21)
19
Calculate (1 + -1 + -14 - -10) + 1 + 0.
-3
Calculate 0 + -3 + (-114 - -117) - -41.
41
What is the value of ((13 - 4) + -3 - 2) + -16 + 24?
12
(-6 - (-4 - 9)) + -8 + 2
1
What is the value of (1 - (6 + -15 + 13)) + 27 + 0?
24
What is (6 - 0) + -3 - (7 - 9)?
5
Calculate (-2 - 0) + -6 + 84 + -90.
-14
What is the value of -6 - (-18 - -2 - (2 + -8) - 0)?
4
What is the value of -14 + -28 + 14 + 6?
-22
(18 - (3 - (-5 + 2))) + -7 - 0
5
Calculate -18 + 2 + (-8 - -5) + 10.
-9
What is the value of (-1 - 0) + -21 - (1334 - 1339)?
-17
What is 11 - (-1 - -3 - (-6 - -13 - 9))?
7
2 - (4 + 11 - 5)
-8
Calculate (-70 - -81) + -1 + -2 + 0 + 3.
11
Calculate 4 + 19 - 32 - (-3 - (0 + -3)).
-9
Calculate (-22 - (-20 + 13) - -22) + (1 - 18).
-10
What is the value of -22 + 21 - -6 - (0 + -15 - -1)?
19
Evaluate 20 - (28 + -14) - -12.
18
Calculate 131 - 164 - (-1 + -10).
-22
What is the value of (-12 - (-6 + -13 - -7)) + 5?
5
What is the value of 12 + -1 - (2 + -14 - -8)?
15
Calculate -9 - (11 + -17 + (3 - 3)) - 8.
-11
Calculate 11 + (0 + -6 - (8 - 4)) + 6.
7
Calculate 0 - 4 - (-473 + 449).
20
What is 9 - (71 + -70 - (-10 + 2))?
0
What is (-262 + 225 - (8 - -2)) + 14?
-33
What is (58 - 27) + 19 + -31?
19
Calculate -2 - -7 - (33 - 25) - 15 - -1.
-17
Evaluate 20 + -3 - (-14 + 4 + 17 - 3).
13
Evaluate -6 + 37 + -4 + -19.
8
What is the value of 9 + (-15 - -30) + -15?
9
-27 - -1 - (564 + -565)
-25
What is 98 + -91 - (2 - 12)?
17
What is (-1 - (0 + 4) - -10) + 14?
19
Calculate -12 + 3 + 19 + 17.
27
What is the value of -54 + 80 + (-7 - -9)?
28
Calculate 7 + (-242 - -227 - (-2 + 1)).
-7
Calculate 6 - (1 + 7 + -2 + -8 - 0).
8
12 - (11 - 0 - (-54 + 57)) - -32
36
What is the value of (-5 - (11 - 1)) + 7 - 12?
-20
Calculate 5 + (-1 - 2) - (4 + 2).
-4
What is the value of -16 - (2 - (7 + 4 + -9))?
-16
Calculate (-8 + (2 - 1) - (8 - 13)) + 6.
4
Evaluate 8 - 6 - -21 - 7.
16
Evaluate 11 + (5 - (7 - 9) - 4) + -8.
6
Calculate (33 - 4) + 75 + -94.
10
What is the value of -136 + 121 - (7 + -47 + 7)?
18
What is the value of 1 - (-22 + 13) - 1?
9
Calculate (2 - 2) + 2 + -7 + (-8 - -20).
7
What is the value of 3 - 1 - (-21 - -8) - (-9 + 1)?
23
Calculate 15 + (10 - -1 - 33).
-7
Calculate (3 - 0) + (10 - 26) + 34.
21
Calculate -3 + (48 + -36 - (5 - -2)) + -6.
-4
Calculate (14 - 10) + -2 - (-6 - -1) - -2.
9
Calculate 2 - (5 - (-7 - (-11 - 5))).
6
What is the value of (-5 - -13 - 2) + 5 + -2?
9
What is the value of -4 + -1 + 2 - 7?
-10
Evaluate (2 - 28) + 0 + (9 - 3) + -1.
-21
Evaluate 32 + -25 - 22 - -11 - (1 + -7).
2
Calculate -4 + 4 + (5 - 22).
-17
-2 + -15 - (-25 + -2)
10
What is 58 + -57 + (-1 - 1 - 4)?
-5
What is the value of -4 - (4 + -4) - (-22 + 14 + 9)?
-5
What is the value of (-5 + 7 + 6 - 17) + 3?
-6
What is -4 - (-3 - -10) - 3 - -8?
-6
What is the value of (-37 - -32 - (-2 + -1)) + -1 + -3?
-6
39 - ((2 - 7) + 10 - (1 + -6))
29
Evaluate -64 - -71 - (-2 + -2 + 4).
7
-6 + -4 + 9 + 10 + 2 + 3
14
Calculate -19 - (5 - (-1 - (4 + 3))).
-32
What is (-29 - 17) + 17 + 11?
-18
(-8 - -11) + (-15 - -4 - -8) + 3
3
Calculate (1 - -6) + -3 + (-11 - -17).
10
Calculate 6 + 0 + (21 + 4 - 34).
-3
Evaluate 0 - 1 - -12 - (-1216 - -1218).
9
What is the value of 23 + -10 + (2 - 5)?
10
-8 - -8 - (18 - (13 + -10))
-15
What is the value of (-17 - (2 - 7)) + 20 + (0 - -1)?
9
Calculate 1 + (-1 - 20) + -2.
-22
What is (-14 - (9 - (11 + -7))) + 3?
-16
Evaluate 8 - (-2 + 2 + 0 + 62 + -59).
5
Calculate 4 + (-12 - -7) - 11.
-12
What is the value of 4 + 3 + -6 + -6 + 12?
7
(4 - 0) + -3 - (4 - -3) - -14
8
103 + -72 + (5 - 20)
16
Calculate 5 + -2 - (153 - 123) - -3.
-24
Evaluate (12 - 21 - (4 + -36)) + 0 + -3.
20
22 + (-15 - -12) + (1 - 11)
9
What is 0 + (-15 - 0 - 8 - -17)?
-6
(13 - -18) + -18 + -3
10
Evaluate -3 - (3 + -17) - ((8 - 15) + 13).
5
What is 10 + -13 + -9 + 4 + -1 + 24?
15
What is the value of 14 - (-12 - (-9 + -13))?
4
Calculate (8 - (8 - 3)) + -7 + 2 - 10.
-12
What is the value of (2 + 6 - (41 + -26)) + -1?
-8
Evaluate (-7 - (2 - (-11 - -13))) + 21.
14
Evaluate -13 - (1 + 2 + -2 + (7 - 12)).
-9
What is -3 - ((35 - 74) + 19)?
17
Calculate -5 + (6 - 22) + 